5566426
What is -18599 (base 12) in base 3?
-1210120000
-296060 (base 11) to base 16
-70c63
11000000110110010 (base 2) to base 10
98738
Convert 133302132113 (base 4) to base 10.
8333207
Convert 688606 (base 9) to base 8.
1446662
What is -110201323 (base 4) in base 16?
-1487b
-3a46b5 (base 13) to base 8
-5300637
Convert -2c61c (base 16) to base 3.
-100020100220
What is -2035414 (base 6) in base 9?
-160021
16820333 (base 9) to base 8
40206272
Convert -15aef (base 16) to base 15.
-1b4b0
d99b5 (base 15) to base 6
22445355
1658697 (base 11) to base 14
5368ac
Convert d3e102 (base 16) to base 11.
7924592
What is -8743318 (base 9) in base 16?
-479e3a
-2b9b5c7 (base 13) to base 15
-136e160
-32246306 (base 7) to base 4
-22133231330
What is 1131424 (base 7) in base 9?
236067
What is -4d844f (base 16) in base 13?
-108b403
What is -aa6275 (base 11) in base 5?
-422441410
What is 232218 (base 9) in base 3?
21002020122
Convert 14845007 (base 9) to base 15.
9b5cd1
Convert -5108a6 (base 14) to base 11.
-15a4587
Convert 57418 (base 11) to base 9.
135800
-4231242332 (base 5) to base 9
-17582731
Convert 2310222200 (base 4) to base 5.
142140000
135644 (base 8) to base 10
48036
What is -154051041 (base 6) in base 2?
-1100011110111111000001
What is 1021221002220 (base 3) in base 7?
5562306
Convert 339c4 (base 13) to base 5.
11001310
-4181 (base 14) to base 5
-330120
Convert -111302 (base 9) to base 12.
-32648
5124334 (base 6) to base 2
111011101110100010
Convert 22345540 (base 7) to base 5.
444210042
What is -2200000011022 (base 3) in base 6?
-50213312
-2132242 (base 6) to base 2
-11001110000100010
-ed62 (base 16) to base 10
-60770
143996 (base 11) to base 16
36e22
What is -32221 (base 7) in base 6?
-101014
326174 (base 8) to base 12
53590
Convert 13322023111 (base 4) to base 16.
1fa2d5
What is 505021 (base 9) in base 8?
1107635
Convert -100312141 (base 6) to base 11.
-a64878
What is -c4e15 (base 15) in base 16?
-9862a
Convert -1020000 (base 3) to base 4.
-31323
-30042043 (base 5) to base 8
-717134
What is -12210021011 (base 3) in base 10?
-113917
What is 5edb (base 15) in base 14?
7531
What is -446a56 (base 13) in base 11?
-a0298a
Convert -2302321210 (base 4) to base 3.
-1101020011201
What is -24641622 (base 7) in base 2?
-1000100000001000101101
Convert 101100011010101000 (base 2) to base 10.
181928
What is -7a26ba (base 12) in base 8?
-7347556
Convert -2658756 (base 13) to base 4.
-231330030003
175c12d (base 14) to base 12
3a364a5
What is -1162054 (base 9) in base 11?
-3a1397
What is -9e2d6 (base 15) in base 7?
-4165002
Convert 114223001 (base 5) to base 7.
4403540
-9c273 (base 16) to base 12
-26a183
Convert 12432142 (base 6) to base 16.
63c9e
Convert -2b5ad (base 16) to base 13.
-62aa1
What is -315471 (base 8) in base 2?
-11001101100111001
Convert 17844246 (base 9) to base 10.
9004812
Convert 153662 (base 7) to base 5.
1431204
Convert 1567783 (base 9) to base 7.
10260453
What is -262417 (base 9) in base 12?
-781ba
Convert -331021121 (base 4) to base 12.
-100b35
-a6209 (base 12) to base 10
-218025
Convert 4104024 (base 6) to base 9.
326777
-45361105 (base 7) to base 13
-a82aa9
301313101312 (base 4) to base 5
11321241403
Convert 400d6 (base 16) to base 2.
1000000000011010110
Convert 95709 (base 10) to base 11.
659a9
-1307476 (base 8) to base 5
-43124400
Convert -a8220 (base 14) to base 15.
-806c2
What is 2382844 (base 11) in base 4?
33310132021
What is 160150 (base 14) in base 11?
4854a5
Convert a71325 (base 11) to base 7.
20401115
-1403633 (base 7) to base 16
-2d770
Convert 49da9a (base 14) to base 2.
1001101010110110011000
What is 10301404 (base 6) in base 14?
7c91a
What is 222342430 (base 5) in base 6?
33005342
32409 (base 16) to base 3
101110100110
3979498 (base 12) to base 4
223111021310
204214c (base 13) to base 9
20344301
Convert 67b19a (base 14) to base 10.
3526372
What is -33102301203 (base 4) in base 15?
-542d09
Convert -924139 (base 10) to base 5.
-214033024
-1001000100011101110100 (base 2) to base 11
-1384354
496366 (base 11) to base 6
24451242
What is 104001 (base 7) in base 2?
100011100000100
-642752 (base 8) to base 15
-43856
What is -10342001 (base 5) in base 4?
-112002023
Convert 2222010012010 (base 3) to base 16.
181005
What is 3402c4 (base 13) in base 12?
4b3011
Convert -103322013323 (base 4) to base 3.
-100211010212022
14b21 (base 15) to base 14
1a3d5
-20636347 (base 8) to base 5
-2112002003
Convert -dbd19 (base 15) to base 16.
-aa757
Convert -4064227 (base 8) to base 13.
-2b8604
Convert -310231121 (base 4) to base 15.
-43e82
Convert 536534 (base 7) to base 16.
16d7e
30351 (base 6) to base 8
7673
-8a983c (base 15) to base 12
-226b2b6
What is -1033212233 (base 4) in base 2?
-1001111100110101111
3352632 (base 7) to base 13
11769c
What is -18c710c (base 14) in base 16?
-bbdfd8
What is -e5e5d (base 15) in base 11?
-458673
Convert 10101000110110001111 (base 2) to base 13.
1b2a3c
4725c (base 13) to base 5
13130123
Convert 34101551 (base 6) to base 8.
3744613
Convert 478689 (base 10) to base 12.
1b1029
What is -335452122 (base 6) in base 12?
-2087042
What is 2200021102 (base 3) in base 14?
152b6
What is 1389668 (base 11) in base 6?
123035525
Convert 141737 (base 10) to base 4.
202212221
449aa3 (base 11) to base 14
148d5c
What is 2023310 (base 6) in base 8?
274632
10250c (base 16) to base 5
232324220
Convert -111443 (base 11) to base 8.
-532622
What is -34463644 (base 7) in base 16?
-2e2556
-42143430 (base 6) to base 8
-4534112
What is 1b142 (base 13) in base 3?
2200122011
What is -31142111 (base 5) in base 6?
-5252430
-3004541 (base 7) to base 13
-c5525
What is 1cc917 (base 16) in base 15?
273e5c
247062 (base 9) to base 3
21121002002
What is 210011000 (base 4) in base 16?
24140
12021232100 (base 4) to base 10
1612688
Convert 6923d (base 15) to base 16.
51b29
Convert -40060a (base 13) to base 2.
-101101010110101110100
What is 22761 (base 9) in base 10?
15202
-2a7720 (base 13) to base 11
-653a64
What is -277a3ab (base 12) in base 4?
-132003002303
What is f3c5de (base 16) in base 12?
5425392
What is -238a08 (base 11) in base 10?
-377891
Convert -204113115 (base 6) to base 9.
-6618352
-414443 (base 8) to base 3
-20222121212
Convert -a2a44 (base 11) to base 14.
-3cadc
Convert -51893 (base 10) to base 2.
-1100101010110101
10122010021022 (base 3) to base 11
10aa034
Convert 1a12386 (base 13) to base 3.
121010120101001
218152 (base 9) to base 7
1052546
Convert -101103122 (base 4) to base 16.
-114da
-110323230013 (base 4) to base 13
-11a1882
-49053c (base 13) to base 11
-a906a2
-42642002 (base 8) to base 13
-1b77354
Convert 31871a (base 13) to base 2.
100011011100000000110
Convert 2356274 (base 9) to base 11.
7a2837
What is -109c6 (base 13) in base 9?
-45434
1100100111011001 (base 2) to base 11
35906
What is a08a2 (base 11) in base 14?
3ba70
Convert -1618502 (base 9) to base 5.
-212223120
Convert 14a6592 (base 12) to base 9.
7811122
-240360 (base 7) to base 13
-169b0
Convert -a3087 (base 16) to base 14.
-13550b
Convert 6935 (base 13) to base 6.
152135
What is 221001011200100 (base 3) in base 2?
110010110001010010111111
What is -212110000111 (base 3) in base 16?
-70a9e
64773 (base 10) to base 15
142d3
316154 (base 9) to base 13
6788b
What is 6266330 (base 8) in base 14?
31534c
Convert 155575 (base 8) to base 15.
119ae
36407 (base 9) to base 10
24388
What is -6a8443 (base 11) in base 6?
-40031115
What is 520010 (base 12) in base 10?
1285644
What is 4d1c89 (base 14) in base 15?
376e16
-20130054 (base 6) to base 13
-17020c
What is -1a2107a (base 13) in base 5?
-4200133114
What is 1bd8d8 (base 15) in base 11?
850429
Convert -1100112212001 (base 3) to base 16.
-afa38
Convert 3780107 (base 9) to base 6.
112054054
What is 641427 (base 11) in base 9?
1834343
-4424013 (base 5) to base 9
-126256
Convert 512211 (base 6) to base 16.
9eef
55254400 (base 6) to base 9
3103540
What is -1dd91d (base 14) in base 2?
-100000110011000000111
-21303b (base 12) to base 4
-1333311233
What is -21ac26 (base 15) in base 10?
-1605861
Convert 11210102002 (base 3) to base 16.
17084
230844 (base 9) to base 15
2b064
What is -444012132 (base 6) in base 10?
-8026616
-407015 (base 8) to base 9
-224652
Convert 1002002202112 (base 3) to base 12.
2375ab
Convert -7106238 (base 10) to base 2.
-11011